{"id":129,"date":"2017-10-22T10:18:56","date_gmt":"2017-10-22T08:18:56","guid":{"rendered":"http:\/\/wrtlprmft.goip.de\/?page_id=129"},"modified":"2019-04-12T13:36:17","modified_gmt":"2019-04-12T11:36:17","slug":"erfahrung","status":"publish","type":"page","link":"https:\/\/www.wienand-consulting.de\/index.php\/home\/erfahrung\/","title":{"rendered":"Kenntnisse"},"content":{"rendered":"\n<h3 class=\"wp-block-heading\">Fremdsprachen<\/h3>\n\n\n\n<p>Deutsch: Muttersprache<\/p>\n\n\n\n<p>Englisch: verhandlungssicher in Wort und Schrift<\/p>\n\n\n\n<p>Franz\u00f6sisch: Schulfranz\u00f6sisch<\/p>\n\n\n\n<br>\n\n\n\n<h3 class=\"wp-block-heading\">Technik \u2013 Know-How<\/h3>\n\n\n\n<h5 class=\"wp-block-heading\">Betriebssysteme<\/h5>\n\n\n\n<ul class=\"wp-block-list\"><li>MS \u2013 DOS<\/li><li>Linux<\/li><li>Windows Server: NT-2003, IIS, Exchange -2003<\/li><li>Windows Workstation: 3.1 &#8211; 7 Ultimate<\/li><\/ul>\n\n\n\n<h5 class=\"wp-block-heading\">Applikationen<\/h5>\n\n\n\n<ul class=\"wp-block-list\"><li>MS-Office Programme (incl. Access)<\/li><li>MS-Project (incl. Project Central)<\/li><li>CA Super Project<\/li><li>Primavera<\/li><li>Clarity<\/li><li>MicroTool In-Step (V-Modell)<\/li><li>Process Charter<\/li><li>CA Bright Store ARCServe<\/li><li>Symantec AV Corporate Edition<\/li><li>HP QC<\/li><li>SAP CRM<\/li><li>SAP Hybris<\/li><li>SAP ERP<\/li><li>MMS-C (Logica CMG); AAA (Netzwert); IMS (Siemens)<\/li><li>TelKo- und Bankenspezialsoftware<\/li><\/ul>\n\n\n\n<h5 class=\"wp-block-heading\">Programmiersprachen<\/h5>\n\n\n\n<ul class=\"wp-block-list\"><li>Assembler (8086)<\/li><li>Basic<\/li><li>Pascal, TurboPascal; Fortran<\/li><\/ul>\n\n\n\n<h5 class=\"wp-block-heading\">Datenbanken in Stichworten<\/h5>\n\n\n\n<ul class=\"wp-block-list\"><li>MS SQL-Server<\/li><li>Oracle<\/li><li>MySQL<\/li><li>MS Access<\/li><\/ul>\n\n\n\n<h5 class=\"wp-block-heading\">Standards\/Erfahrungen<\/h5>\n\n\n\n<ul class=\"wp-block-list\"><li>Agile Softwareentwicklung SCRUM<\/li><li>Operation Management<\/li><li>Projektmanagement<\/li><li>Projektaudit<\/li><li>Prozessmanagement<\/li><li>Prozessaudit<\/li><li>Qualit\u00e4tsmanagement <ul><li>TQM\/EQA<\/li><li>DIN EN ISO 9000ff<\/li><li>QS \u2013 9000<\/li><li>VDA 6.1 <\/li><\/ul><\/li><li>QS-Auditierung<\/li><li>Vorbereitung auf QS-Zertifizierung (EQA; DIN EN ISO 9001; QS9000)<\/li><\/ul>\n\n\n\n<h3 class=\"wp-block-heading\">Branchen<\/h3>\n\n\n\n<ul class=\"wp-block-list\"><li>Automobilindustrie (7 Monate)<\/li><li>Transport und Logistik (14 Monate)<\/li><li>Finance &amp; Banking (32 Monate)<\/li><li>Telekommunikation (&gt;100 Monate)<\/li><\/ul>\n\n\n\n<h3 class=\"wp-block-heading\">Sonstige Anmerkungen<\/h3>\n\n\n\n<h5 class=\"wp-block-heading\">Softskills:<\/h5>\n\n\n\n<p>Kooperativer F\u00fchrungsstil, teamf\u00e4hig, f\u00e4hig zu selbst\u00e4ndigem Arbeiten, ausgepr\u00e4gte analytische und organisatorische F\u00e4higkeiten, hohes Qualit\u00e4tsbewusstsein, starke Kundenorientierung und hohe Belastbarkeit.<\/p>\n","protected":false},"excerpt":{"rendered":"<p>Fremdsprachen Deutsch: Muttersprache Englisch: verhandlungssicher in Wort und Schrift Franz\u00f6sisch: Schulfranz\u00f6sisch Technik \u2013 Know-How Betriebssysteme MS \u2013 DOS Linux Windows Server: NT-2003, IIS, Exchange -2003 Windows Workstation: 3.1 &#8211; 7 Ultimate Applikationen MS-Office Programme (incl. Access) MS-Project (incl. Project Central) CA Super Project Primavera Clarity MicroTool In-Step (V-Modell) Process Charter CA Bright Store ARCServe Symantec [&hellip;]<\/p>\n","protected":false},"author":1,"featured_media":497,"parent":7,"menu_order":10,"comment_status":"closed","ping_status":"closed","template":"","meta":{"ngg_post_thumbnail":0,"footnotes":""},"class_list":["post-129","page","type-page","status-publish","has-post-thumbnail","hentry"],"yoast_head":"<!-- This site is optimized with the Yoast SEO plugin v27.4 - https:\/\/yoast.com\/product\/yoast-seo-wordpress\/ -->\n<title>Kenntnisse - Joachim Wienand Consulting<\/title>\n<meta name=\"robots\" content=\"index, follow, max-snippet:-1, max-image-preview:large, max-video-preview:-1\" \/>\n<link rel=\"canonical\" href=\"https:\/\/www.wienand-consulting.de\/index.php\/home\/erfahrung\/\" \/>\n<meta property=\"og:locale\" content=\"de_DE\" \/>\n<meta property=\"og:type\" content=\"article\" \/>\n<meta property=\"og:title\" content=\"Kenntnisse - Joachim Wienand Consulting\" \/>\n<meta property=\"og:description\" content=\"Fremdsprachen Deutsch: Muttersprache Englisch: verhandlungssicher in Wort und Schrift Franz\u00f6sisch: Schulfranz\u00f6sisch Technik \u2013 Know-How Betriebssysteme MS \u2013 DOS Linux Windows Server: NT-2003, IIS, Exchange -2003 Windows Workstation: 3.1 &#8211; 7 Ultimate Applikationen MS-Office Programme (incl. Access) MS-Project (incl. Project Central) CA Super Project Primavera Clarity MicroTool In-Step (V-Modell) Process Charter CA Bright Store ARCServe Symantec [&hellip;]\" \/>\n<meta property=\"og:url\" content=\"https:\/\/www.wienand-consulting.de\/index.php\/home\/erfahrung\/\" \/>\n<meta property=\"og:site_name\" content=\"Joachim Wienand Consulting\" \/>\n<meta property=\"article:publisher\" content=\"https:\/\/www.facebook.com\/Louis1970\" \/>\n<meta property=\"article:modified_time\" content=\"2019-04-12T11:36:17+00:00\" \/>\n<meta property=\"og:image\" content=\"https:\/\/www.wienand-consulting.de\/wp-content\/uploads\/2019\/04\/administracion-aprender-aprendiendo-267582.jpg\" \/>\n\t<meta property=\"og:image:width\" content=\"1920\" \/>\n\t<meta property=\"og:image:height\" content=\"1280\" \/>\n\t<meta property=\"og:image:type\" content=\"image\/jpeg\" \/>\n<meta name=\"twitter:card\" content=\"summary_large_image\" \/>\n<meta name=\"twitter:label1\" content=\"Gesch\u00e4tzte Lesezeit\" \/>\n\t<meta name=\"twitter:data1\" content=\"1\u00a0Minute\" \/>\n<script type=\"application\/ld+json\" class=\"yoast-schema-graph\">{\"@context\":\"https:\\\/\\\/schema.org\",\"@graph\":[{\"@type\":\"WebPage\",\"@id\":\"https:\\\/\\\/www.wienand-consulting.de\\\/index.php\\\/home\\\/erfahrung\\\/\",\"url\":\"https:\\\/\\\/www.wienand-consulting.de\\\/index.php\\\/home\\\/erfahrung\\\/\",\"name\":\"Kenntnisse - Joachim Wienand Consulting\",\"isPartOf\":{\"@id\":\"https:\\\/\\\/www.wienand-consulting.de\\\/#website\"},\"primaryImageOfPage\":{\"@id\":\"https:\\\/\\\/www.wienand-consulting.de\\\/index.php\\\/home\\\/erfahrung\\\/#primaryimage\"},\"image\":{\"@id\":\"https:\\\/\\\/www.wienand-consulting.de\\\/index.php\\\/home\\\/erfahrung\\\/#primaryimage\"},\"thumbnailUrl\":\"https:\\\/\\\/www.wienand-consulting.de\\\/wp-content\\\/uploads\\\/2019\\\/04\\\/administracion-aprender-aprendiendo-267582.jpg\",\"datePublished\":\"2017-10-22T08:18:56+00:00\",\"dateModified\":\"2019-04-12T11:36:17+00:00\",\"breadcrumb\":{\"@id\":\"https:\\\/\\\/www.wienand-consulting.de\\\/index.php\\\/home\\\/erfahrung\\\/#breadcrumb\"},\"inLanguage\":\"de\",\"potentialAction\":[{\"@type\":\"ReadAction\",\"target\":[\"https:\\\/\\\/www.wienand-consulting.de\\\/index.php\\\/home\\\/erfahrung\\\/\"]}]},{\"@type\":\"ImageObject\",\"inLanguage\":\"de\",\"@id\":\"https:\\\/\\\/www.wienand-consulting.de\\\/index.php\\\/home\\\/erfahrung\\\/#primaryimage\",\"url\":\"https:\\\/\\\/www.wienand-consulting.de\\\/wp-content\\\/uploads\\\/2019\\\/04\\\/administracion-aprender-aprendiendo-267582.jpg\",\"contentUrl\":\"https:\\\/\\\/www.wienand-consulting.de\\\/wp-content\\\/uploads\\\/2019\\\/04\\\/administracion-aprender-aprendiendo-267582.jpg\",\"width\":1920,\"height\":1280,\"caption\":\"Knowledge\"},{\"@type\":\"BreadcrumbList\",\"@id\":\"https:\\\/\\\/www.wienand-consulting.de\\\/index.php\\\/home\\\/erfahrung\\\/#breadcrumb\",\"itemListElement\":[{\"@type\":\"ListItem\",\"position\":1,\"name\":\"Startseite\",\"item\":\"https:\\\/\\\/www.wienand-consulting.de\\\/\"},{\"@type\":\"ListItem\",\"position\":2,\"name\":\"Home\",\"item\":\"https:\\\/\\\/www.wienand-consulting.de\\\/\"},{\"@type\":\"ListItem\",\"position\":3,\"name\":\"Kenntnisse\"}]},{\"@type\":\"WebSite\",\"@id\":\"https:\\\/\\\/www.wienand-consulting.de\\\/#website\",\"url\":\"https:\\\/\\\/www.wienand-consulting.de\\\/\",\"name\":\"Joachim Wienand Consulting\",\"description\":\"hit the mark\",\"potentialAction\":[{\"@type\":\"SearchAction\",\"target\":{\"@type\":\"EntryPoint\",\"urlTemplate\":\"https:\\\/\\\/www.wienand-consulting.de\\\/?s={search_term_string}\"},\"query-input\":{\"@type\":\"PropertyValueSpecification\",\"valueRequired\":true,\"valueName\":\"search_term_string\"}}],\"inLanguage\":\"de\"}]}<\/script>\n<!-- \/ Yoast SEO plugin. -->","yoast_head_json":{"title":"Kenntnisse - Joachim Wienand Consulting","robots":{"index":"index","follow":"follow","max-snippet":"max-snippet:-1","max-image-preview":"max-image-preview:large","max-video-preview":"max-video-preview:-1"},"canonical":"https:\/\/www.wienand-consulting.de\/index.php\/home\/erfahrung\/","og_locale":"de_DE","og_type":"article","og_title":"Kenntnisse - Joachim Wienand Consulting","og_description":"Fremdsprachen Deutsch: Muttersprache Englisch: verhandlungssicher in Wort und Schrift Franz\u00f6sisch: Schulfranz\u00f6sisch Technik \u2013 Know-How Betriebssysteme MS \u2013 DOS Linux Windows Server: NT-2003, IIS, Exchange -2003 Windows Workstation: 3.1 &#8211; 7 Ultimate Applikationen MS-Office Programme (incl. Access) MS-Project (incl. Project Central) CA Super Project Primavera Clarity MicroTool In-Step (V-Modell) Process Charter CA Bright Store ARCServe Symantec [&hellip;]","og_url":"https:\/\/www.wienand-consulting.de\/index.php\/home\/erfahrung\/","og_site_name":"Joachim Wienand Consulting","article_publisher":"https:\/\/www.facebook.com\/Louis1970","article_modified_time":"2019-04-12T11:36:17+00:00","og_image":[{"width":1920,"height":1280,"url":"https:\/\/www.wienand-consulting.de\/wp-content\/uploads\/2019\/04\/administracion-aprender-aprendiendo-267582.jpg","type":"image\/jpeg"}],"twitter_card":"summary_large_image","twitter_misc":{"Gesch\u00e4tzte Lesezeit":"1\u00a0Minute"},"schema":{"@context":"https:\/\/schema.org","@graph":[{"@type":"WebPage","@id":"https:\/\/www.wienand-consulting.de\/index.php\/home\/erfahrung\/","url":"https:\/\/www.wienand-consulting.de\/index.php\/home\/erfahrung\/","name":"Kenntnisse - Joachim Wienand Consulting","isPartOf":{"@id":"https:\/\/www.wienand-consulting.de\/#website"},"primaryImageOfPage":{"@id":"https:\/\/www.wienand-consulting.de\/index.php\/home\/erfahrung\/#primaryimage"},"image":{"@id":"https:\/\/www.wienand-consulting.de\/index.php\/home\/erfahrung\/#primaryimage"},"thumbnailUrl":"https:\/\/www.wienand-consulting.de\/wp-content\/uploads\/2019\/04\/administracion-aprender-aprendiendo-267582.jpg","datePublished":"2017-10-22T08:18:56+00:00","dateModified":"2019-04-12T11:36:17+00:00","breadcrumb":{"@id":"https:\/\/www.wienand-consulting.de\/index.php\/home\/erfahrung\/#breadcrumb"},"inLanguage":"de","potentialAction":[{"@type":"ReadAction","target":["https:\/\/www.wienand-consulting.de\/index.php\/home\/erfahrung\/"]}]},{"@type":"ImageObject","inLanguage":"de","@id":"https:\/\/www.wienand-consulting.de\/index.php\/home\/erfahrung\/#primaryimage","url":"https:\/\/www.wienand-consulting.de\/wp-content\/uploads\/2019\/04\/administracion-aprender-aprendiendo-267582.jpg","contentUrl":"https:\/\/www.wienand-consulting.de\/wp-content\/uploads\/2019\/04\/administracion-aprender-aprendiendo-267582.jpg","width":1920,"height":1280,"caption":"Knowledge"},{"@type":"BreadcrumbList","@id":"https:\/\/www.wienand-consulting.de\/index.php\/home\/erfahrung\/#breadcrumb","itemListElement":[{"@type":"ListItem","position":1,"name":"Startseite","item":"https:\/\/www.wienand-consulting.de\/"},{"@type":"ListItem","position":2,"name":"Home","item":"https:\/\/www.wienand-consulting.de\/"},{"@type":"ListItem","position":3,"name":"Kenntnisse"}]},{"@type":"WebSite","@id":"https:\/\/www.wienand-consulting.de\/#website","url":"https:\/\/www.wienand-consulting.de\/","name":"Joachim Wienand Consulting","description":"hit the mark","potentialAction":[{"@type":"SearchAction","target":{"@type":"EntryPoint","urlTemplate":"https:\/\/www.wienand-consulting.de\/?s={search_term_string}"},"query-input":{"@type":"PropertyValueSpecification","valueRequired":true,"valueName":"search_term_string"}}],"inLanguage":"de"}]}},"_links":{"self":[{"href":"https:\/\/www.wienand-consulting.de\/index.php\/wp-json\/wp\/v2\/pages\/129","targetHints":{"allow":["GET"]}}],"collection":[{"href":"https:\/\/www.wienand-consulting.de\/index.php\/wp-json\/wp\/v2\/pages"}],"about":[{"href":"https:\/\/www.wienand-consulting.de\/index.php\/wp-json\/wp\/v2\/types\/page"}],"author":[{"embeddable":true,"href":"https:\/\/www.wienand-consulting.de\/index.php\/wp-json\/wp\/v2\/users\/1"}],"replies":[{"embeddable":true,"href":"https:\/\/www.wienand-consulting.de\/index.php\/wp-json\/wp\/v2\/comments?post=129"}],"version-history":[{"count":6,"href":"https:\/\/www.wienand-consulting.de\/index.php\/wp-json\/wp\/v2\/pages\/129\/revisions"}],"predecessor-version":[{"id":499,"href":"https:\/\/www.wienand-consulting.de\/index.php\/wp-json\/wp\/v2\/pages\/129\/revisions\/499"}],"up":[{"embeddable":true,"href":"https:\/\/www.wienand-consulting.de\/index.php\/wp-json\/wp\/v2\/pages\/7"}],"wp:featuredmedia":[{"embeddable":true,"href":"https:\/\/www.wienand-consulting.de\/index.php\/wp-json\/wp\/v2\/media\/497"}],"wp:attachment":[{"href":"https:\/\/www.wienand-consulting.de\/index.php\/wp-json\/wp\/v2\/media?parent=129"}],"curies":[{"name":"wp","href":"https:\/\/api.w.org\/{rel}","templated":true}]}}