{"id":7,"date":"2017-10-20T10:36:13","date_gmt":"2017-10-20T10:36:13","guid":{"rendered":"http:\/\/wrtlprmft.goip.de\/wordpress\/?page_id=7"},"modified":"2025-04-01T19:54:08","modified_gmt":"2025-04-01T17:54:08","slug":"home","status":"publish","type":"page","link":"https:\/\/www.wienand-consulting.de\/","title":{"rendered":"Home"},"content":{"rendered":"\n<h3 class=\"wp-block-heading\">Liebe Besucher,<\/h3>\n\n\n\n<p>herzlich willkommen auf meiner Website. Ich m\u00f6chte mich zu Beginn in ein paar kurzen Worten vorstellen:<\/p>\n\n\n<div class=\"wp-block-image\">\n<figure class=\"alignright\"><img loading=\"lazy\" decoding=\"async\" width=\"199\" height=\"300\" src=\"https:\/\/www.wienand-consulting.de\/wp-content\/uploads\/2017\/10\/DSC6093-199x300.jpg\" alt=\"\" class=\"wp-image-218\" srcset=\"https:\/\/www.wienand-consulting.de\/wp-content\/uploads\/2017\/10\/DSC6093-199x300.jpg 199w, https:\/\/www.wienand-consulting.de\/wp-content\/uploads\/2017\/10\/DSC6093-768x1156.jpg 768w, https:\/\/www.wienand-consulting.de\/wp-content\/uploads\/2017\/10\/DSC6093-680x1024.jpg 680w, https:\/\/www.wienand-consulting.de\/wp-content\/uploads\/2017\/10\/DSC6093.jpg 1350w\" sizes=\"auto, (max-width: 199px) 100vw, 199px\" \/><\/figure>\n<\/div>\n\n\n<p>Mein Name ist Joachim Wienand. Ich wurde im Jahr 1970 in Aschaffenburg, Unterfranken geboren. Seit dem Jahr 2000 bin ich verheiratet und habe mittlerweile zwei Kinder.<\/p>\n\n\n\n<p>In der IT bin ich seit 1998 t\u00e4tig. Anfangs im Angestelltenverh\u00e4ltnis bei einem deutschen Gro\u00dfkonzern, sp\u00e4ter in verschiedenen Beratungsunternehmen &#8211; auch mit disziplinarischer Personalverantwortung. Seit 2007 arbeite ich als freiberuflicher Berater mit Fokus auf IT-Consulting und IT-Management.<\/p>\n\n\n\n<p>Wenn ich denn mal Freizeit habe, treibe ich (viel zu wenig) Sport, bin mit Freunden unterwegs oder fotografiere die Welt da drau\u00dfen.<\/p>\n\n\n\n<p>Eine kleine Anmerkung zu dieser Seite: Eigentlich hatte ich nie vor, eine eigene Website zu erstellen. Die Notwendigkeit besteht nicht wirklich. Irgendwann bin ich \u00fcber WordPress gestolpert und war neugierig. Hier ist das Resultat&#8230; Die Seite wird sich wohl permanent ver\u00e4ndern &#8211; abh\u00e4ngig davon, wie viel Zeit und Lust ich habe &#8211; aber nie perfekt werden&#8230; \ud83d\ude09<\/p>\n\n\n\n<p>In diesem Sinne: Einfach umschauen und Feedback hinterlassen. Ich freue mich \u00fcber jede Anregung.<\/p>\n\n\n\n<p>Viele Gr\u00fc\u00dfe<\/p>\n\n\n\n<p>Joachim Wienand<\/p>\n\n\n\n<br>\n\n\n\n<br>\n\n\n\n<h3 class=\"wp-block-heading\">Einsatzgebiete<\/h3>\n\n\n\n<h5 class=\"wp-block-heading\">Beratung \/ Consulting<\/h5>\n\n\n\n<ul class=\"wp-block-list\">\n<li> Projektleitung \/ Koordination<\/li>\n\n\n\n<li>Krisenmanagement<\/li>\n\n\n\n<li>Risikomanagement<\/li>\n\n\n\n<li>Interimsmanagement<\/li>\n\n\n\n<li>Anforderungsmanagement<\/li>\n\n\n\n<li>Lieferantenmanagement <\/li>\n<\/ul>\n\n\n\n<h5 class=\"wp-block-heading\">Organisation \/ Qualit\u00e4tsmanagement<\/h5>\n\n\n\n<ul class=\"wp-block-list\">\n<li> Prozessmanagement<\/li>\n\n\n\n<li>Prozessoptimierung<\/li>\n\n\n\n<li>Qualit\u00e4tsmanagement \/ Qualit\u00e4tssicherung <\/li>\n<\/ul>\n\n\n\n<h3 class=\"wp-block-heading\">Ausbildung<\/h3>\n\n\n\n<div class=\"wp-block-columns has-2-columns is-layout-flex wp-container-core-columns-is-layout-9d6595d7 wp-block-columns-is-layout-flex\">\n<div class=\"wp-block-column is-layout-flow wp-block-column-is-layout-flow\">\n<p>1989<\/p>\n<\/div>\n\n\n\n<div class=\"wp-block-column is-layout-flow wp-block-column-is-layout-flow\">\n<p>Fachabitur<\/p>\n<\/div>\n<\/div>\n\n\n\n<div class=\"wp-block-columns has-2-columns is-layout-flex wp-container-core-columns-is-layout-9d6595d7 wp-block-columns-is-layout-flex\">\n<div class=\"wp-block-column is-layout-flow wp-block-column-is-layout-flow\">\n<p>1991 &#8211; 1996<\/p>\n<\/div>\n\n\n\n<div class=\"wp-block-column is-layout-flow wp-block-column-is-layout-flow\">\n<p>Studium der Produktionstechnik an der FH Gie\u00dfen \/ Friedberg<\/p>\n<\/div>\n<\/div>\n\n\n\n<div class=\"wp-block-columns has-2-columns is-layout-flex wp-container-core-columns-is-layout-9d6595d7 wp-block-columns-is-layout-flex\">\n<div class=\"wp-block-column is-layout-flow wp-block-column-is-layout-flow\">\n<p>1996 &#8211; 1997<\/p>\n<\/div>\n\n\n\n<div class=\"wp-block-column is-layout-flow wp-block-column-is-layout-flow\">\n<p>Aufbaustudium &#8222;Total Quality Management&#8220; (TQM)<\/p>\n<\/div>\n<\/div>\n\n\n\n<div class=\"wp-block-columns has-2-columns is-layout-flex wp-container-core-columns-is-layout-9d6595d7 wp-block-columns-is-layout-flex\">\n<div class=\"wp-block-column is-layout-flow wp-block-column-is-layout-flow\">\n<p>1996<\/p>\n<\/div>\n\n\n\n<div class=\"wp-block-column is-layout-flow wp-block-column-is-layout-flow\">\n<p>Seminar Moderationstechnik<\/p>\n<\/div>\n<\/div>\n\n\n\n<br>\n<br>\n\n\n\n<div class=\"wp-block-columns has-2-columns is-layout-flex wp-container-core-columns-is-layout-9d6595d7 wp-block-columns-is-layout-flex\">\n<div class=\"wp-block-column is-layout-flow wp-block-column-is-layout-flow\">\n<h5 class=\"wp-block-heading\" id=\"mce_47\"><a href=\"https:\/\/www.wienand-consulting.de\/index.php\/about\/projekthistorie\/\">Projekthistorie<\/a><\/h5>\n<\/div>\n\n\n\n<div class=\"wp-block-column is-layout-flow wp-block-column-is-layout-flow\">\n<h5 class=\"wp-block-heading\" id=\"mce_47\"><a href=\"https:\/\/www.wienand-consulting.de\/index.php\/about\/erfahrung\/\">Kenntnisse\ufeff<\/a><\/h5>\n<\/div>\n<\/div>\n\n\n\n<br>\n<br>\n\n\n\n<h5 class=\"wp-block-heading\">Verf\u00fcgbarkeit<\/h5>\n\n\n\n<p>Aktuelle Verf\u00fcgbarkeit: in absehbarer Zeit nicht verf\u00fcgbar<\/p>\n\n\n\n<br>\n<br>\n\n\n\n<p>Aktuelles Profil auf <a href=\"https:\/\/www.linkedin.com\/in\/joachim-wienand-20834183\">LinkedIn<\/a> und auf <a href=\"https:\/\/www.xing.com\/profile\/Joachim_Wienand\/cv\">Xing<\/a>.<\/p>\n\n\n\n<p><\/p>\n\n\n\n<p><\/p>\n","protected":false},"excerpt":{"rendered":"<p>Liebe Besucher, herzlich willkommen auf meiner Website. Ich m\u00f6chte mich zu Beginn in ein paar kurzen Worten vorstellen: Mein Name ist Joachim Wienand. Ich wurde im Jahr 1970 in Aschaffenburg, Unterfranken geboren. Seit dem Jahr 2000 bin ich verheiratet und habe mittlerweile zwei Kinder. In der IT bin ich seit 1998 t\u00e4tig. Anfangs im Angestelltenverh\u00e4ltnis [&hellip;]<\/p>\n","protected":false},"author":1,"featured_media":525,"parent":0,"menu_order":0,"comment_status":"closed","ping_status":"closed","template":"","meta":{"ngg_post_thumbnail":0,"footnotes":""},"class_list":["post-7","page","type-page","status-publish","has-post-thumbnail","hentry"],"yoast_head":"<!-- This site is optimized with the Yoast SEO plugin v27.4 - https:\/\/yoast.com\/product\/yoast-seo-wordpress\/ -->\n<title>Home - Joachim Wienand Consulting<\/title>\n<meta name=\"description\" content=\"IT Beratung \/ Consulting aus Kleinostheim, europaweit. Fokus auf Projekt Management und Prozess Management. Automotive, Telekommunikation. Finance.\" \/>\n<meta name=\"robots\" content=\"index, follow, max-snippet:-1, max-image-preview:large, max-video-preview:-1\" \/>\n<link rel=\"canonical\" href=\"https:\/\/www.wienand-consulting.de\/\" \/>\n<meta property=\"og:locale\" content=\"de_DE\" \/>\n<meta property=\"og:type\" content=\"article\" \/>\n<meta property=\"og:title\" content=\"Home - Joachim Wienand Consulting\" \/>\n<meta property=\"og:description\" content=\"IT Beratung \/ Consulting aus Kleinostheim, europaweit. Fokus auf Projekt Management und Prozess Management. Automotive, Telekommunikation. Finance.\" \/>\n<meta property=\"og:url\" content=\"https:\/\/www.wienand-consulting.de\/\" \/>\n<meta property=\"og:site_name\" content=\"Joachim Wienand Consulting\" \/>\n<meta property=\"article:publisher\" content=\"https:\/\/www.facebook.com\/Louis1970\" \/>\n<meta property=\"article:modified_time\" content=\"2025-04-01T17:54:08+00:00\" \/>\n<meta property=\"og:image\" content=\"https:\/\/www.wienand-consulting.de\/wp-content\/uploads\/2019\/04\/2018_01_20_IMG_6701-Bearbeitet-2.jpg\" \/>\n\t<meta property=\"og:image:width\" content=\"5713\" \/>\n\t<meta property=\"og:image:height\" content=\"1772\" \/>\n\t<meta property=\"og:image:type\" content=\"image\/jpeg\" \/>\n<meta name=\"twitter:card\" content=\"summary_large_image\" \/>\n<meta name=\"twitter:label1\" content=\"Gesch\u00e4tzte Lesezeit\" \/>\n\t<meta name=\"twitter:data1\" content=\"2\u00a0Minuten\" \/>\n<script type=\"application\/ld+json\" class=\"yoast-schema-graph\">{\"@context\":\"https:\\\/\\\/schema.org\",\"@graph\":[{\"@type\":\"WebPage\",\"@id\":\"https:\\\/\\\/www.wienand-consulting.de\\\/\",\"url\":\"https:\\\/\\\/www.wienand-consulting.de\\\/\",\"name\":\"Home - Joachim Wienand Consulting\",\"isPartOf\":{\"@id\":\"https:\\\/\\\/www.wienand-consulting.de\\\/#website\"},\"primaryImageOfPage\":{\"@id\":\"https:\\\/\\\/www.wienand-consulting.de\\\/#primaryimage\"},\"image\":{\"@id\":\"https:\\\/\\\/www.wienand-consulting.de\\\/#primaryimage\"},\"thumbnailUrl\":\"https:\\\/\\\/www.wienand-consulting.de\\\/wp-content\\\/uploads\\\/2019\\\/04\\\/2018_01_20_IMG_6701-Bearbeitet-2.jpg\",\"datePublished\":\"2017-10-20T10:36:13+00:00\",\"dateModified\":\"2025-04-01T17:54:08+00:00\",\"description\":\"IT Beratung \\\/ Consulting aus Kleinostheim, europaweit. Fokus auf Projekt Management und Prozess Management. Automotive, Telekommunikation. Finance.\",\"breadcrumb\":{\"@id\":\"https:\\\/\\\/www.wienand-consulting.de\\\/#breadcrumb\"},\"inLanguage\":\"de\",\"potentialAction\":[{\"@type\":\"ReadAction\",\"target\":[\"https:\\\/\\\/www.wienand-consulting.de\\\/\"]}]},{\"@type\":\"ImageObject\",\"inLanguage\":\"de\",\"@id\":\"https:\\\/\\\/www.wienand-consulting.de\\\/#primaryimage\",\"url\":\"https:\\\/\\\/www.wienand-consulting.de\\\/wp-content\\\/uploads\\\/2019\\\/04\\\/2018_01_20_IMG_6701-Bearbeitet-2.jpg\",\"contentUrl\":\"https:\\\/\\\/www.wienand-consulting.de\\\/wp-content\\\/uploads\\\/2019\\\/04\\\/2018_01_20_IMG_6701-Bearbeitet-2.jpg\",\"width\":5713,\"height\":1772,\"caption\":\"hit the mark\"},{\"@type\":\"BreadcrumbList\",\"@id\":\"https:\\\/\\\/www.wienand-consulting.de\\\/#breadcrumb\",\"itemListElement\":[{\"@type\":\"ListItem\",\"position\":1,\"name\":\"Startseite\",\"item\":\"https:\\\/\\\/www.wienand-consulting.de\\\/\"},{\"@type\":\"ListItem\",\"position\":2,\"name\":\"Home\"}]},{\"@type\":\"WebSite\",\"@id\":\"https:\\\/\\\/www.wienand-consulting.de\\\/#website\",\"url\":\"https:\\\/\\\/www.wienand-consulting.de\\\/\",\"name\":\"Joachim Wienand Consulting\",\"description\":\"hit the mark\",\"potentialAction\":[{\"@type\":\"SearchAction\",\"target\":{\"@type\":\"EntryPoint\",\"urlTemplate\":\"https:\\\/\\\/www.wienand-consulting.de\\\/?s={search_term_string}\"},\"query-input\":{\"@type\":\"PropertyValueSpecification\",\"valueRequired\":true,\"valueName\":\"search_term_string\"}}],\"inLanguage\":\"de\"}]}<\/script>\n<!-- \/ Yoast SEO plugin. -->","yoast_head_json":{"title":"Home - Joachim Wienand Consulting","description":"IT Beratung \/ Consulting aus Kleinostheim, europaweit. Fokus auf Projekt Management und Prozess Management. Automotive, Telekommunikation. Finance.","robots":{"index":"index","follow":"follow","max-snippet":"max-snippet:-1","max-image-preview":"max-image-preview:large","max-video-preview":"max-video-preview:-1"},"canonical":"https:\/\/www.wienand-consulting.de\/","og_locale":"de_DE","og_type":"article","og_title":"Home - Joachim Wienand Consulting","og_description":"IT Beratung \/ Consulting aus Kleinostheim, europaweit. Fokus auf Projekt Management und Prozess Management. Automotive, Telekommunikation. Finance.","og_url":"https:\/\/www.wienand-consulting.de\/","og_site_name":"Joachim Wienand Consulting","article_publisher":"https:\/\/www.facebook.com\/Louis1970","article_modified_time":"2025-04-01T17:54:08+00:00","og_image":[{"width":5713,"height":1772,"url":"https:\/\/www.wienand-consulting.de\/wp-content\/uploads\/2019\/04\/2018_01_20_IMG_6701-Bearbeitet-2.jpg","type":"image\/jpeg"}],"twitter_card":"summary_large_image","twitter_misc":{"Gesch\u00e4tzte Lesezeit":"2\u00a0Minuten"},"schema":{"@context":"https:\/\/schema.org","@graph":[{"@type":"WebPage","@id":"https:\/\/www.wienand-consulting.de\/","url":"https:\/\/www.wienand-consulting.de\/","name":"Home - Joachim Wienand Consulting","isPartOf":{"@id":"https:\/\/www.wienand-consulting.de\/#website"},"primaryImageOfPage":{"@id":"https:\/\/www.wienand-consulting.de\/#primaryimage"},"image":{"@id":"https:\/\/www.wienand-consulting.de\/#primaryimage"},"thumbnailUrl":"https:\/\/www.wienand-consulting.de\/wp-content\/uploads\/2019\/04\/2018_01_20_IMG_6701-Bearbeitet-2.jpg","datePublished":"2017-10-20T10:36:13+00:00","dateModified":"2025-04-01T17:54:08+00:00","description":"IT Beratung \/ Consulting aus Kleinostheim, europaweit. Fokus auf Projekt Management und Prozess Management. Automotive, Telekommunikation. Finance.","breadcrumb":{"@id":"https:\/\/www.wienand-consulting.de\/#breadcrumb"},"inLanguage":"de","potentialAction":[{"@type":"ReadAction","target":["https:\/\/www.wienand-consulting.de\/"]}]},{"@type":"ImageObject","inLanguage":"de","@id":"https:\/\/www.wienand-consulting.de\/#primaryimage","url":"https:\/\/www.wienand-consulting.de\/wp-content\/uploads\/2019\/04\/2018_01_20_IMG_6701-Bearbeitet-2.jpg","contentUrl":"https:\/\/www.wienand-consulting.de\/wp-content\/uploads\/2019\/04\/2018_01_20_IMG_6701-Bearbeitet-2.jpg","width":5713,"height":1772,"caption":"hit the mark"},{"@type":"BreadcrumbList","@id":"https:\/\/www.wienand-consulting.de\/#breadcrumb","itemListElement":[{"@type":"ListItem","position":1,"name":"Startseite","item":"https:\/\/www.wienand-consulting.de\/"},{"@type":"ListItem","position":2,"name":"Home"}]},{"@type":"WebSite","@id":"https:\/\/www.wienand-consulting.de\/#website","url":"https:\/\/www.wienand-consulting.de\/","name":"Joachim Wienand Consulting","description":"hit the mark","potentialAction":[{"@type":"SearchAction","target":{"@type":"EntryPoint","urlTemplate":"https:\/\/www.wienand-consulting.de\/?s={search_term_string}"},"query-input":{"@type":"PropertyValueSpecification","valueRequired":true,"valueName":"search_term_string"}}],"inLanguage":"de"}]}},"_links":{"self":[{"href":"https:\/\/www.wienand-consulting.de\/index.php\/wp-json\/wp\/v2\/pages\/7","targetHints":{"allow":["GET"]}}],"collection":[{"href":"https:\/\/www.wienand-consulting.de\/index.php\/wp-json\/wp\/v2\/pages"}],"about":[{"href":"https:\/\/www.wienand-consulting.de\/index.php\/wp-json\/wp\/v2\/types\/page"}],"author":[{"embeddable":true,"href":"https:\/\/www.wienand-consulting.de\/index.php\/wp-json\/wp\/v2\/users\/1"}],"replies":[{"embeddable":true,"href":"https:\/\/www.wienand-consulting.de\/index.php\/wp-json\/wp\/v2\/comments?post=7"}],"version-history":[{"count":35,"href":"https:\/\/www.wienand-consulting.de\/index.php\/wp-json\/wp\/v2\/pages\/7\/revisions"}],"predecessor-version":[{"id":735,"href":"https:\/\/www.wienand-consulting.de\/index.php\/wp-json\/wp\/v2\/pages\/7\/revisions\/735"}],"wp:featuredmedia":[{"embeddable":true,"href":"https:\/\/www.wienand-consulting.de\/index.php\/wp-json\/wp\/v2\/media\/525"}],"wp:attachment":[{"href":"https:\/\/www.wienand-consulting.de\/index.php\/wp-json\/wp\/v2\/media?parent=7"}],"curies":[{"name":"wp","href":"https:\/\/api.w.org\/{rel}","templated":true}]}}